{"id":2,"date":"2018-06-19T09:30:18","date_gmt":"2018-06-19T07:30:18","guid":{"rendered":"https:\/\/tracingspaces.net\/stadt-in-bewegung\/?page_id=2"},"modified":"2018-08-21T13:46:20","modified_gmt":"2018-08-21T11:46:20","slug":"home","status":"publish","type":"page","link":"https:\/\/tracingspaces.net\/stadtinbewegung\/home\/","title":{"rendered":"Stadt in Bewegung"},"content":{"rendered":"[vc_row type=&#8220;in_container&#8220; full_screen_row_position=&#8220;middle&#8220; scene_position=&#8220;center&#8220; text_color=&#8220;dark&#8220; text_align=&#8220;left&#8220; overlay_strength=&#8220;0.3&#8243; shape_divider_position=&#8220;bottom&#8220;][vc_column column_padding=&#8220;no-extra-padding&#8220; column_padding_position=&#8220;all&#8220; background_color_opacity=&#8220;1&#8243; background_hover_color_opacity=&#8220;1&#8243; column_shadow=&#8220;none&#8220; column_border_radius=&#8220;none&#8220; width=&#8220;2\/3&#8243; tablet_text_alignment=&#8220;default&#8220; phone_text_alignment=&#8220;default&#8220; column_border_width=&#8220;none&#8220; column_border_style=&#8220;solid&#8220;]<div class=\"img-with-aniamtion-wrap \" data-max-width=\"100%\" data-border-radius=\"none\"><div class=\"inner\"><img loading=\"lazy\" decoding=\"async\" data-shadow=\"none\" data-shadow-direction=\"middle\" class=\"img-with-animation \" data-delay=\"0\" height=\"1280\" width=\"1280\" data-animation=\"fade-in\" src=\"https:\/\/tracingspaces.net\/stadtinbewegung\/wp-content\/uploads\/sites\/2\/2018\/07\/areal-nowandthen-3_1280.jpg\" srcset=\"https:\/\/tracingspaces.net\/stadtinbewegung\/wp-content\/uploads\/sites\/2\/2018\/07\/areal-nowandthen-3_1280.jpg 1280w, https:\/\/tracingspaces.net\/stadtinbewegung\/wp-content\/uploads\/sites\/2\/2018\/07\/areal-nowandthen-3_1280-150x150.jpg 150w, https:\/\/tracingspaces.net\/stadtinbewegung\/wp-content\/uploads\/sites\/2\/2018\/07\/areal-nowandthen-3_1280-300x300.jpg 300w, https:\/\/tracingspaces.net\/stadtinbewegung\/wp-content\/uploads\/sites\/2\/2018\/07\/areal-nowandthen-3_1280-768x768.jpg 768w, https:\/\/tracingspaces.net\/stadtinbewegung\/wp-content\/uploads\/sites\/2\/2018\/07\/areal-nowandthen-3_1280-1024x1024.jpg 1024w, https:\/\/tracingspaces.net\/stadtinbewegung\/wp-content\/uploads\/sites\/2\/2018\/07\/areal-nowandthen-3_1280-100x100.jpg 100w, https:\/\/tracingspaces.net\/stadtinbewegung\/wp-content\/uploads\/sites\/2\/2018\/07\/areal-nowandthen-3_1280-140x140.jpg 140w, https:\/\/tracingspaces.net\/stadtinbewegung\/wp-content\/uploads\/sites\/2\/2018\/07\/areal-nowandthen-3_1280-500x500.jpg 500w, https:\/\/tracingspaces.net\/stadtinbewegung\/wp-content\/uploads\/sites\/2\/2018\/07\/areal-nowandthen-3_1280-350x350.jpg 350w, https:\/\/tracingspaces.net\/stadtinbewegung\/wp-content\/uploads\/sites\/2\/2018\/07\/areal-nowandthen-3_1280-1000x1000.jpg 1000w, https:\/\/tracingspaces.net\/stadtinbewegung\/wp-content\/uploads\/sites\/2\/2018\/07\/areal-nowandthen-3_1280-800x800.jpg 800w\" sizes=\"auto, 100vw\" alt=\"\" \/><\/div><\/div>[vc_column_text]\n<h6>Luftaufnahme des Nordwestbahnhofs \u24d2 GIS Service, Stadt Wien | 2015<\/h6>\n[\/vc_column_text][\/vc_column][vc_column column_padding=&#8220;no-extra-padding&#8220; column_padding_position=&#8220;all&#8220; background_color_opacity=&#8220;1&#8243; background_hover_color_opacity=&#8220;1&#8243; column_shadow=&#8220;none&#8220; column_border_radius=&#8220;none&#8220; width=&#8220;1\/3&#8243; tablet_text_alignment=&#8220;default&#8220; phone_text_alignment=&#8220;default&#8220; column_border_width=&#8220;none&#8220; column_border_style=&#8220;solid&#8220;][vc_column_text][\/vc_column_text][\/vc_column][\/vc_row][vc_row type=&#8220;in_container&#8220; full_screen_row_position=&#8220;middle&#8220; scene_position=&#8220;center&#8220; text_color=&#8220;dark&#8220; text_align=&#8220;left&#8220; overlay_strength=&#8220;0.3&#8243; shape_divider_position=&#8220;bottom&#8220;][vc_column column_padding=&#8220;no-extra-padding&#8220; column_padding_position=&#8220;all&#8220; background_color_opacity=&#8220;1&#8243; background_hover_color_opacity=&#8220;1&#8243; column_shadow=&#8220;none&#8220; column_border_radius=&#8220;none&#8220; width=&#8220;2\/3&#8243; tablet_text_alignment=&#8220;default&#8220; phone_text_alignment=&#8220;default&#8220; column_border_width=&#8220;none&#8220; column_border_style=&#8220;solid&#8220;][vc_column_text]\n<h4>Ein Kunst im \u00d6ffentlichen Raum Projekt<br \/>\nJ\u00e4nner bis November 2017<\/h4>\n<h4>mit Katrin Hornek | Helmut &amp; Johanna Kandl | Martin Kaltwasser | Zara Pfeifer | Gabriele Sturm | Johanna Tinzl | Ina Weber | Michael Hieslmair und Michael Zinganel<\/h4>\n[\/vc_column_text][vc_column_text]\n<p>Der 1872 er\u00f6ffnete Wiener Nordwestbahnhof mit einem bis heute noch operierenden Containerterminal der \u00d6BB stellt einen der letzten zentrumsnahen Logistik-Knoten der Stadt Wien dar. Ende des Projektjahres 2017 werden alle Vertr\u00e4ge mit den Mietern und Untermietern auslaufen, um mit dem Abbruch des Gel\u00e4ndes f\u00fcr den Bau eines neuen Stadt-Entwicklungsgebietes zu beginnen.<\/p>\n<p>Die gro\u00dfen privaten Logistik-Unternehmen sind durch die wiederholte Ank\u00fcndigung und Verschiebung der Schleifung des Areals zum Teil bereits abgewandert \u2013 sie halten aber noch B\u00fcros und Lager vor Ort. W\u00e4hrenddessen haben sich unz\u00e4hlige kleinere Transportbetriebe untergemietet. Busunternehmen stellen hier Touristen-Busse ab, eine \u201emulti-kulturelle\u201c Fahrschule nutzt das Areal als \u00dcbungsgel\u00e4nde. Und auch der bedeutendste Filmausstatter \u00d6sterreichs Props und Co. wird im Laufe des Jahres ausziehen m\u00fcssen.<\/p>\n<p>Viele der hier zuliefernden LKW-Fahrer, parkenden Busfahrer, Lager-Angestellten und auch einige der Unternehmer haben Migrationshintergrund. Daher l\u00e4sst sich an diesem Ort nicht nur die Transformation des urbanen Raums, sondern \u00fcber die Biografien der vor Ort t\u00e4tigen Akteure, auch die vergangene Mobilit\u00e4ts- und Migrationsgeschichte der Satdt nachzeichnen:<\/p>\n<p>Zu diesem Zweck haben\u00a0wir vor Ort\u00a0einen Projektraum bezogen, um eingebettet das soziale Milieu der Logistiklandschaft, (Video-)Interviews und (Foto-)Portraits mit den hier t\u00e4tigen Akteuren zu f\u00fchren, diese auch um signifikante Objekte ihres Berufsalltages zu bitten, und sukzessive eine mehrschichtige multimediale Kartografie der Migrations- und Mobilit\u00e4ts-Erfahrungen der Akteure zu erstellen. Die Ergebnisse der Recherchen werden\u00a0nicht nur in einer kleinen \u201emusealen\u201c Inszenierung im Projektraum ausgestellt (insbesondere die audiovisuellen Arbeiten), sondern werden auch in die \u00f6ffentlichen Bereiche des Areals des Nordwestbahnhofs ausgreifen. Tr\u00e4ger f\u00fcr die Outdoor-Interventionen k\u00f6nnen Fassadenteile sein, nicht genutzte Bauteile wie etwa Laderampen oder auch die Fahrzeuge selbst.<\/p>\n<p>Als unsere eigene zentrale Installation\u00a0entwickeln wir\u00a0eine Wegenetz-Skulptur, die anhand der transnationalen Migrationsrouten und regionalen Transportrouten von ausgew\u00e4hlten Akteuren, die den Ort besuchen oder vor Ort arbeiten, sowohl makropolitische Ereignisse und individuelle Mobilit\u00e4ts-Erfahrungen im erweiterten Einzugsgebiet nachzeichnet. Die Interventionen der Gast-K\u00fcnstlerinnen formen einen Parcours durch das gesamte Areal des Nordwestbahnhofs, der die vielschichtigen und widerspr\u00fcchlichen Erfahrungen der Benutzer_innen in unterschiedlichen k\u00fcnstlerischen Medien reflektiert.<\/p>\n<p>Mit einem differenzierten Veranstaltungsprogramm versuchen wir Nutzer_innen, Besucher_innen aus den benachbarten Bezirken sowie\u00a0Kulturpublikum an zu sprechen.<\/p>\n<p>Ziel des Projektes ist es, die Geschichte eines speziellen Ortes der Stadt Wien vor seinem Verschwinden noch einmal in das \u00f6ffentliche Bewusstsein zu r\u00fccken. Dieser ist nicht nur ein geschichtsloser kalter anthropologischer Nicht-Ort, sondern eine bedeutende Hinterb\u00fchne zur Versorgung der Stadt und ein wichtiger Knotenpunkt f\u00fcr Akteure deren Arbeiten die Stadt Wien mit am Funktionieren halten.<\/p>\n<p><a href=\"https:\/\/tracingspaces.net\/stadtinbewegung\/kuenstlerische-arbeiten\/\" target=\"_blank\" rel=\"noopener\">Zu den k\u00fcnstlerischen Arbeiten<\/a><\/p>\n<p>Ein Projekt von Tracing Spaces<br \/>\ngef\u00f6rdert von[\/vc_column_text][\/vc_column][vc_column column_padding=&#8220;no-extra-padding&#8220; column_padding_position=&#8220;all&#8220; background_color_opacity=&#8220;1&#8243; background_hover_color_opacity=&#8220;1&#8243; column_shadow=&#8220;none&#8220; column_border_radius=&#8220;none&#8220; width=&#8220;1\/3&#8243; tablet_text_alignment=&#8220;default&#8220; phone_text_alignment=&#8220;default&#8220; column_border_width=&#8220;none&#8220; column_border_style=&#8220;solid&#8220;][vc_column_text][\/vc_column_text][\/vc_column][\/vc_row][vc_row type=&#8220;in_container&#8220; full_screen_row_position=&#8220;middle&#8220; scene_position=&#8220;center&#8220; text_color=&#8220;dark&#8220; text_align=&#8220;left&#8220; overlay_strength=&#8220;0.3&#8243; shape_divider_position=&#8220;bottom&#8220;][vc_column column_padding=&#8220;no-extra-padding&#8220; column_padding_position=&#8220;all&#8220; background_color_opacity=&#8220;1&#8243; background_hover_color_opacity=&#8220;1&#8243; column_shadow=&#8220;none&#8220; column_border_radius=&#8220;none&#8220; width=&#8220;1\/3&#8243; tablet_text_alignment=&#8220;default&#8220; phone_text_alignment=&#8220;default&#8220; column_border_width=&#8220;none&#8220; column_border_style=&#8220;solid&#8220;]<div class=\"img-with-aniamtion-wrap \" data-max-width=\"100%\" data-border-radius=\"none\"><div class=\"inner\"><img loading=\"lazy\" decoding=\"async\" data-shadow=\"none\" data-shadow-direction=\"middle\" class=\"img-with-animation \" data-delay=\"0\" height=\"142\" width=\"690\" data-animation=\"fade-in\" src=\"https:\/\/tracingspaces.net\/stadtinbewegung\/wp-content\/uploads\/sites\/2\/2018\/07\/image.png\" srcset=\"https:\/\/tracingspaces.net\/stadtinbewegung\/wp-content\/uploads\/sites\/2\/2018\/07\/image.png 690w, https:\/\/tracingspaces.net\/stadtinbewegung\/wp-content\/uploads\/sites\/2\/2018\/07\/image-300x62.png 300w\" sizes=\"auto, 100vw\" alt=\"\" \/><\/div><\/div>[\/vc_column][\/vc_row]\n","protected":false},"excerpt":{"rendered":"<p>[vc_row type=&#8220;in_container&#8220; full_screen_row_position=&#8220;middle&#8220; scene_position=&#8220;center&#8220; text_color=&#8220;dark&#8220; text_align=&#8220;left&#8220; overlay_strength=&#8220;0.3&#8243; shape_divider_position=&#8220;bottom&#8220;][vc_column column_padding=&#8220;no-extra-padding&#8220; column_padding_position=&#8220;all&#8220; background_color_opacity=&#8220;1&#8243; background_hover_color_opacity=&#8220;1&#8243; column_shadow=&#8220;none&#8220; column_border_radius=&#8220;none&#8220; width=&#8220;2\/3&#8243; tablet_text_alignment=&#8220;default&#8220; phone_text_alignment=&#8220;default&#8220; column_border_width=&#8220;none&#8220; column_border_style=&#8220;solid&#8220;][vc_column_text] Luftaufnahme des Nordwestbahnhofs \u24d2 GIS Service, Stadt Wien | 2015 [\/vc_column_text][\/vc_column][vc_column&#8230;<\/p>\n","protected":false},"author":1,"featured_media":0,"parent":0,"menu_order":0,"comment_status":"closed","ping_status":"closed","template":"","meta":{"footnotes":""},"class_list":["post-2","page","type-page","status-publish"],"_links":{"self":[{"href":"https:\/\/tracingspaces.net\/stadtinbewegung\/wp-json\/wp\/v2\/pages\/2","targetHints":{"allow":["GET"]}}],"collection":[{"href":"https:\/\/tracingspaces.net\/stadtinbewegung\/wp-json\/wp\/v2\/pages"}],"about":[{"href":"https:\/\/tracingspaces.net\/stadtinbewegung\/wp-json\/wp\/v2\/types\/page"}],"author":[{"embeddable":true,"href":"https:\/\/tracingspaces.net\/stadtinbewegung\/wp-json\/wp\/v2\/users\/1"}],"replies":[{"embeddable":true,"href":"https:\/\/tracingspaces.net\/stadtinbewegung\/wp-json\/wp\/v2\/comments?post=2"}],"version-history":[{"count":17,"href":"https:\/\/tracingspaces.net\/stadtinbewegung\/wp-json\/wp\/v2\/pages\/2\/revisions"}],"predecessor-version":[{"id":558,"href":"https:\/\/tracingspaces.net\/stadtinbewegung\/wp-json\/wp\/v2\/pages\/2\/revisions\/558"}],"wp:attachment":[{"href":"https:\/\/tracingspaces.net\/stadtinbewegung\/wp-json\/wp\/v2\/media?parent=2"}],"curies":[{"name":"wp","href":"https:\/\/api.w.org\/{rel}","templated":true}]}}