{"id":54,"date":"2020-07-06T18:00:43","date_gmt":"2020-07-06T16:00:43","guid":{"rendered":"http:\/\/heavenandhell.tracingspaces.net\/?page_id=54"},"modified":"2020-08-05T21:35:56","modified_gmt":"2020-08-05T19:35:56","slug":"mobile-flanerie","status":"publish","type":"page","link":"https:\/\/tracingspaces.net\/heavenandhell\/mobile-flanerie\/","title":{"rendered":"Konzept | Concept"},"content":{"rendered":"[vc_row type=&#8220;in_container&#8220; full_screen_row_position=&#8220;middle&#8220; scene_position=&#8220;center&#8220; text_color=&#8220;dark&#8220; text_align=&#8220;left&#8220; overlay_strength=&#8220;0.3&#8243; shape_divider_position=&#8220;bottom&#8220;][vc_column column_padding=&#8220;no-extra-padding&#8220; column_padding_position=&#8220;all&#8220; background_color_opacity=&#8220;1&#8243; background_hover_color_opacity=&#8220;1&#8243; column_shadow=&#8220;none&#8220; column_border_radius=&#8220;none&#8220; width=&#8220;1\/1&#8243; tablet_text_alignment=&#8220;default&#8220; phone_text_alignment=&#8220;default&#8220; column_border_width=&#8220;none&#8220; column_border_style=&#8220;solid&#8220;]<div class=\"divider-wrap\"><div style=\"height: 30px;\" class=\"divider\"><\/div><\/div>[vc_column_text]\n<p style=\"text-align: center;\"><span style=\"font-size: 18pt;\">KUNST UND ALPINE ERLEBNISLANDSCHAFTEN | ART AND ALPINE LANDSCAPES<br \/>\n<\/span><\/p>\n<p style=\"text-align: center;\">von | by Michael Zinganel<\/p>\n[\/vc_column_text][\/vc_column][\/vc_row][vc_row type=&#8220;in_container&#8220; full_screen_row_position=&#8220;middle&#8220; scene_position=&#8220;center&#8220; text_color=&#8220;dark&#8220; text_align=&#8220;left&#8220; overlay_strength=&#8220;0.3&#8243; shape_divider_position=&#8220;bottom&#8220;][vc_column column_padding=&#8220;no-extra-padding&#8220; column_padding_position=&#8220;all&#8220; background_color_opacity=&#8220;1&#8243; background_hover_color_opacity=&#8220;1&#8243; column_shadow=&#8220;none&#8220; column_border_radius=&#8220;none&#8220; width=&#8220;1\/1&#8243; tablet_text_alignment=&#8220;default&#8220; phone_text_alignment=&#8220;default&#8220; column_border_width=&#8220;none&#8220; column_border_style=&#8220;solid&#8220;]<div style=\"height: 500px\"  data-transition=\"slide\" data-overall_style=\"classic\" data-flexible-height=\"\" data-animate-in-effect=\"none\" data-fullscreen=\"false\" data-button-sizing=\"regular\" data-button-styling=\"btn_with_count\" data-autorotate=\"4000\" data-parallax=\"false\" data-full-width=\"false\" class=\"nectar-slider-wrap \" id=\"ns-id-69f4de3046beb\">\r\n\t\t\t<div style=\"height: 500px\" class=\"swiper-container\"  data-tho=\"auto\" data-tco=\"auto\" data-pho=\"auto\" data-pco=\"auto\" data-loop=\"true\" data-height=\"500\" data-min-height=\"\" data-arrows=\"true\" data-bullets=\"true\" data-bullet_style=\"see_through\" data-desktop-swipe=\"true\" data-settings=\"\">\r\n\t\t\t\t    <div class=\"swiper-wrapper\"><div class=\"swiper-slide\" data-bg-alignment=\"center\" data-color-scheme=\"light\" data-x-pos=\"left\" data-y-pos=\"middle\"> \r\n\t\t\t\t\t\t\t\t<div class=\"image-bg\" style=\"background-image: url(https:\/\/tracingspaces.net\/heavenandhell\/wp-content\/uploads\/sites\/14\/2020\/07\/Grohag-Historisch-0321.jpg);\"> &nbsp; <\/div><div class=\"video-texture \"> <span class=\"ie-fix\"><\/span> <\/div><\/div><!--\/swiper-slide--><\/div><div class=\"nectar-slider-loading \"> <span class=\"loading-icon none\">   <\/span> <\/div> <\/div> \r\n\t\t\t\t\r\n\t\t\t<\/div>[\/vc_column][\/vc_row][vc_row type=&#8220;in_container&#8220; full_screen_row_position=&#8220;middle&#8220; scene_position=&#8220;center&#8220; text_color=&#8220;dark&#8220; text_align=&#8220;left&#8220; overlay_strength=&#8220;0.3&#8243; shape_divider_position=&#8220;bottom&#8220;][vc_column column_padding=&#8220;no-extra-padding&#8220; column_padding_position=&#8220;all&#8220; background_color_opacity=&#8220;1&#8243; background_hover_color_opacity=&#8220;1&#8243; column_shadow=&#8220;none&#8220; column_border_radius=&#8220;none&#8220; width=&#8220;1\/1&#8243; tablet_text_alignment=&#8220;default&#8220; phone_text_alignment=&#8220;default&#8220; column_border_width=&#8220;none&#8220; column_border_style=&#8220;solid&#8220;]<div class=\"divider-wrap\"><div style=\"height: 20px;\" class=\"divider\"><\/div><\/div>[vc_column_text]\n<p style=\"text-align: center;\"><span style=\"font-size: 18pt;\"><span style=\"font-size: 12pt;\">\u00dcBER DIE PROBELMATISCHE BEZIEHUNG VON KUNST AVANTGARDE UND MASSEN-TOURISMUS | <\/span><\/span><span style=\"font-size: 18pt;\"><span style=\"font-size: 12pt;\">ON THE PROBELMATIC RELATIONSHIP BETWEEN AVANT-GARDE ART AND MASS TOURISM<br \/>\n<\/span><\/span><\/p>\n[\/vc_column_text][\/vc_column][\/vc_row][vc_row type=&#8220;in_container&#8220; full_screen_row_position=&#8220;middle&#8220; scene_position=&#8220;center&#8220; text_color=&#8220;dark&#8220; text_align=&#8220;left&#8220; overlay_strength=&#8220;0.3&#8243; shape_divider_position=&#8220;bottom&#8220;][vc_column column_padding=&#8220;no-extra-padding&#8220; column_padding_position=&#8220;all&#8220; background_color_opacity=&#8220;1&#8243; background_hover_color_opacity=&#8220;1&#8243; column_shadow=&#8220;none&#8220; column_border_radius=&#8220;none&#8220; width=&#8220;1\/2&#8243; tablet_text_alignment=&#8220;default&#8220; phone_text_alignment=&#8220;default&#8220; column_border_width=&#8220;none&#8220; column_border_style=&#8220;solid&#8220;][vc_column_text]SERPENTINE \u2013 A TOUCH OF HEAVEN AND HELL, der Titel dieses Kunstprojektes, bezieht sich auf die m\u00e4andernde Fahrt \u00fcber die vielen Kehren der Gro\u00dfglockner-Hochalpenstrasse. Diese repr\u00e4sentiert eine \u201eSchwellenlandschaft\u201c par excellence, eine \u201eGegenwelt\u201c, die zu der des Alltags nicht gr\u00f6\u00dfer sein k\u00f6nnte, in der sich die Erfahrung der augenscheinlichen Erhabenheit (und Gewalt ) der Natur und der \u00c4sthetik der technologischen Infrastruktur verbinden \u2013 in Gl\u00fccksgef\u00fchlen und Angst, immer knapp am Himmel und knapp am Abgrund zugleich.<\/p>\n<p>Selbst die Auswirkungen der durch die ungez\u00fcgelte Modernisierungsobsession unserer Spezies ausgel\u00f6sten baulichen Wucherungen und klimatischen Ver\u00e4nderungen zeigen sich hier im Wegschmelzen des Gletschers am Fu\u00dfe eines \u00fcberdimensionierten Parkhauses in h\u00f6chstm\u00f6glicher Tragik. Die dunklen Seiten erg\u00e4nzen die hellen zu einer geradezu idealen Konstellation f\u00fcr die massen-touristische Vermarktung. Und augenscheinlich funktioniert diese vortrefflich.<\/p>\n<h6><img loading=\"lazy\" decoding=\"async\" class=\"alignnone wp-image-409 size-full\" src=\"https:\/\/tracingspaces.net\/heavenandhell\/wp-content\/uploads\/sites\/14\/2020\/07\/GLOCKNER_GEMAELDE_web.jpg\" alt=\"\" width=\"1000\" height=\"732\" srcset=\"https:\/\/tracingspaces.net\/heavenandhell\/wp-content\/uploads\/sites\/14\/2020\/07\/GLOCKNER_GEMAELDE_web.jpg 1000w, https:\/\/tracingspaces.net\/heavenandhell\/wp-content\/uploads\/sites\/14\/2020\/07\/GLOCKNER_GEMAELDE_web-300x220.jpg 300w, https:\/\/tracingspaces.net\/heavenandhell\/wp-content\/uploads\/sites\/14\/2020\/07\/GLOCKNER_GEMAELDE_web-768x562.jpg 768w\" sizes=\"auto, (max-width: 1000px) 100vw, 1000px\" \/><span style=\"font-size: 8pt;\">Thomas Ender: Ansicht der oberen und unteren Pasterze mit dem Gro\u00dfglockner und dem Johannisberg bei Heiligenblut, 1834. Quelle: Ober\u00f6sterreichisches Landesmuseum Linz | Thomas Ender: View of the upper and lower Pasterze with the Grossglockner and Johannisberg near Heiligenblut, 1834. source: Upper Austrian Provincial Museum Linz<br \/>\n<\/span><\/h6>\n<div class=\"h2\">\n<p>&nbsp;<\/p>\n<p>Obwohl K\u00fcnstler*innen durch ihre Arbeiten zweifelsfrei zur Produktion der touristischen Sehnsucht beigetragen haben, sind weite Teile des Kunstbetriebs heute von schweren Ber\u00fchrungs\u00e4ngsten gekennzeichnet. K\u00fcnstler*innen waren und sind sehr anf\u00e4llig f\u00fcr die Argumente der ethnografisch und\/oder marxistisch inspirierten Kritik an einer \u201eTourismus-Industrie\u201c, die den Ausverkauf der Heimat, den Verlust des Brauchtums, die Ausbeutung der Arbeitskr\u00e4fte, die Fremdsteuerung der Tourist*innen und vor allem das Un-Authentische touristischer Bildwelten, Erz\u00e4hlungen und Inszenierungen beklagte \u2013 oder in Hans-Magnus Enzensbergers Worten Urlaub generell als \u201eAlltagsflucht\u201c zum Zwecke der politischen Selbst-Bet\u00e4ubung diffamierte.<\/p>\n<\/div>\n<p>In einer kulturwissenschaftlich orientierten Tourismus-Forschung wird die touristische Erfahrung ebenso wie in der o.a. Kritik als ein inszeniertes Schauspiel verstanden, jedoch aber als eine Co-Produktion von Initiator*innen, Anbieter*innen und Konsument*innen, wenn auch mit unterschiedlichem Kapital- und Zeit-Einsatz der Beteiligten. Diese Erfahrung schlie\u00dft die gesamte Sehnsuchts-Produktion mit ein, die Reisevorbereitungen und die Reise selbst, die Verkehrsinfrastrukturen und die Vehikel, die Behausungen unterwegs und nicht zuletzt die vielschichtigen B\u00fchnenlandschaften in den Tourismusdestinationen, in denen Reisende, Bereiste und Dienstleister*innen mit unterschiedlichen Aktivit\u00e4tsgraden agieren, interagieren und ja, bewusst oder unbewusst verschiedene Rollen einnehmen und Identit\u00e4ten erproben. In diesen Konstellationen haben sich im Tourismus mittlerweile eigenst\u00e4ndige hybride kulturelle Kunst-\u00e4hnliche \u00e4sthetische \u00c4u\u00dferungsformen entwickelt: von den speziellen Displays, Bildwelten, Objekten und Erz\u00e4hlformen bis zu den dramatischen und post-dramatischen Inszenierungen, Ritualen und Prozessionen.<\/p>\n<p>Die gewaltigen Infrastrukturprojekte wie diese Bergstra\u00dfe hier haben nat\u00fcrlich ihre Architekt*innen, Baumeister*innen, Bauarbeiter*innen und Baumaterialien \u2013 im wortw\u00f6rtlichen und metaphorischen Sinne \u2013, f\u00fcr die wir uns interessieren , weil sie diesen alpinen Lebensraum be- und er-fahrbar gemacht aber dadurch auch radikal ver\u00e4ndert haben, ebenso wie ihre mobilen Pflegekr\u00e4fte, die Besucher*innen, Stra\u00dfe und Landschaft hospitalisieren, und den Maschinenpark, der dazu n\u00f6tig ist. Auch sie pendeln ein und aus wie die Tourist*innen.<\/p>\n<p>Touristische R\u00e4ume existieren nicht per se, sie konstituieren sich erst durch die Pr\u00e4senz und soziale Interaktion der Akteure. Dieser Interaktions-Raum wird in der Regel durch Schwellen und einzu\u00fcbende Rituale strukturiert. Dem Blick kommt dabei eine zentrale Rolle zu: Bilder dienen als Beweis des Erlebten und strukturieren in der Regel die Erz\u00e4hlungen. Das zentrale Werkzeug der touristischen Erfahrung aber ist der K\u00f6rper, sowohl als multisensuales Organ als auch als ultimativer Sehnsuchtsort \u201aauthentischer\u2019 Erfahrung, der hier aber ohne seine technischen Prothesen, das Fahrzeug und die Stra\u00dfe, nicht vorstellbar ist.<\/p>\n<p>Kritische Kunst beansprucht heute f\u00fcr sich, den Konsum und die Zirkulation der Bilder, wie sie von der Tourismuswirtschaft in Umlauf gebracht werden, mit ihren Interventionen \u201ekritisch\u201c zu unterlaufen. Sollten diese vermeintlichen \u201eGegenbilder\u201c auf Akzeptanz bei der Tourismuswirtschaft und bei den Tourist*innen sto\u00dfen, k\u00f6nnen sie \u00fcber deren Multiplikationskraft in den touristischen Kreislauf integriert werden \u2013 und ihn produktiv ver\u00e4ndern. Die Akzeptanz ist jedoch davon abh\u00e4ngig, ob und inwieweit die k\u00fcnstlerischen Angebote f\u00fcr den individuellen Lebenszusammenhang der hoch-mobilisierten Besucher*innen sinnstiftend sind.[\/vc_column_text][\/vc_column][vc_column column_padding=&#8220;no-extra-padding&#8220; column_padding_position=&#8220;all&#8220; background_color_opacity=&#8220;1&#8243; background_hover_color_opacity=&#8220;1&#8243; column_shadow=&#8220;none&#8220; column_border_radius=&#8220;none&#8220; width=&#8220;1\/2&#8243; tablet_text_alignment=&#8220;default&#8220; phone_text_alignment=&#8220;default&#8220; column_border_width=&#8220;none&#8220; column_border_style=&#8220;solid&#8220;][vc_column_text]SERPENTINE &#8211; A TOUCH OF HEAVEN AND HELL, the title of this art project, refers to the meandering ride over the many bends of the Grossglockner High Alpine Road. This represents a &#8222;threshold landscape&#8220; par excellence, a &#8222;counter-world&#8220; that could not be greater than that of everyday life, in which the experience of the apparent sublimity (and violence) of nature and the aesthetics of the technological infrastructure are combined &#8211; in feelings of happiness and fear, always close to the sky and close to the abyss at the same time.<br \/>\nEven the effects of the structural proliferation and climatic changes triggered by the unbridled obsession with modernization of our species are shown here in the highest possible tragedy in the melting of the glacier at the foot of an oversized parking garage. The dark sides complement the light sides to form an almost ideal constellation for mass tourism marketing. And apparently it works excellently.<\/p>\n<p>Although artists have undoubtedly contributed to the production of tourist longing through their work, large parts of the art world today are characterized by severe fears of contact. Artists were and still are very susceptible to the arguments of ethnographically and\/or Marxist inspired criticism of a &#8222;tourism industry&#8220;, which lamented the sell-out of the homeland, the loss of customs, the exploitation of the workforce, the external control of tourists and above all the unauthenticity of tourist imagery, stories and productions &#8211; or in Hans-Magnus Enzensberger&#8217;s words defamed holidays in general as an &#8222;everyday escape&#8220; for the purpose of political self-anaesthetisation.<\/p>\n<p>In tourism research oriented towards cultural studies, the tourist experience is understood, as in the above-mentioned criticism, as a staged spectacle, but as a co-production of initiators, providers and consumers, albeit with different levels of capital and time input by those involved. This experience includes the entire Sehnsuchts production, the travel preparations and the journey itself, the transport infrastructure and vehicles, the dwellings on the way and last but not least the multi-layered stage landscapes in the tourist destinations, in which travellers, travellers and service providers with different degrees of activity act, interact and yes, consciously or unconsciously take on different roles and test identities. In these constellations, independent hybrid cultural art-like aesthetic forms of expression have now developed in tourism: from special displays, image worlds, objects and narrative forms to dramatic and post-dramatic productions, rituals and processions.<\/p>\n<p>The huge infrastructure projects like this mountain road here naturally have their architects, master builders, construction workers and building materials &#8211; literally and metaphorically &#8211; in which we are interested, because they have made this alpine habitat accessible and experienceable, but have also radically changed it, as well as their mobile nursing staff, who hospitalize visitors, the road and the landscape, and the machinery that is necessary for this. They also commute in and out like the tourists.<br \/>\nTourist spaces do not exist per se; they are only constituted through the presence and social interaction of the actors. This space of interaction is usually structured by thresholds and rituals to be practiced. The gaze plays a central role: images serve as proof of the experience and usually structure the narratives. The central tool of the tourist experience, however, is the body, both as a multi-sensual organ and as the ultimate place of longing for &#8218;authentic&#8216; experience, which here, however, cannot be imagined without its technical prostheses, the vehicle and the road.<\/p>\n<h6><img loading=\"lazy\" decoding=\"async\" class=\"alignnone wp-image-89 size-full\" src=\"http:\/\/tracingspaces.net\/heavenandhell\/wp-content\/uploads\/sites\/14\/2020\/07\/Freilichtmuseum-1024x685.jpg\" alt=\"\" width=\"1024\" height=\"685\" srcset=\"https:\/\/tracingspaces.net\/heavenandhell\/wp-content\/uploads\/sites\/14\/2020\/07\/Freilichtmuseum-1024x685.jpg 1024w, https:\/\/tracingspaces.net\/heavenandhell\/wp-content\/uploads\/sites\/14\/2020\/07\/Freilichtmuseum-300x201.jpg 300w, https:\/\/tracingspaces.net\/heavenandhell\/wp-content\/uploads\/sites\/14\/2020\/07\/Freilichtmuseum-768x514.jpg 768w, https:\/\/tracingspaces.net\/heavenandhell\/wp-content\/uploads\/sites\/14\/2020\/07\/Freilichtmuseum-1536x1028.jpg 1536w, https:\/\/tracingspaces.net\/heavenandhell\/wp-content\/uploads\/sites\/14\/2020\/07\/Freilichtmuseum-2048x1371.jpg 2048w, https:\/\/tracingspaces.net\/heavenandhell\/wp-content\/uploads\/sites\/14\/2020\/07\/Freilichtmuseum-400x269.jpg 400w\" sizes=\"auto, (max-width: 1024px) 100vw, 1024px\" \/>Die historische Infrastruktur der Hochalpenstra\u00dfe als Museumsattraktion in der Ebene: Das ehemalige Mauthaus &#8222;Guttal&#8220; samt Tankstelle wurde im Freilichtmuseum Salzburg wieder aufgebaut | The historical infrastructure of the High Alpine Road as a museum attraction in the flat country: The former toll house &#8222;Guttal&#8220; with filling station was rebuilt in the Salzburg Open Air Museum.<\/h6>\n<p>&nbsp;<\/p>\n<div class=\"h2\">Critical art today claims for itself to &#8222;critically&#8220; undermine the consumption and circulation of images, as they are put into circulation by the tourism industry, with its interventions. Should these supposed &#8222;counter-images&#8220; meet with acceptance by the tourism industry and tourists, they can be integrated into the tourist cycle through their multiplier power &#8211; and change it productively. Acceptance, however, depends on whether and to what extent the artistic offers are meaningful for the individual life context of the highly mobilised visitors.[\/vc_column_text][\/vc_column][\/vc_row][vc_row type=&#8220;in_container&#8220; full_screen_row_position=&#8220;middle&#8220; scene_position=&#8220;center&#8220; text_color=&#8220;dark&#8220; text_align=&#8220;left&#8220; overlay_strength=&#8220;0.3&#8243; shape_divider_position=&#8220;bottom&#8220;][vc_column column_padding=&#8220;no-extra-padding&#8220; column_padding_position=&#8220;all&#8220; background_color_opacity=&#8220;1&#8243; background_hover_color_opacity=&#8220;1&#8243; column_shadow=&#8220;none&#8220; column_border_radius=&#8220;none&#8220; width=&#8220;1\/1&#8243; tablet_text_alignment=&#8220;default&#8220; phone_text_alignment=&#8220;default&#8220; column_border_width=&#8220;none&#8220; column_border_style=&#8220;solid&#8220;]<div class=\"divider-wrap\"><div style=\"height: 20px;\" class=\"divider\"><\/div><\/div>[vc_column_text]<\/div>\n<p style=\"text-align: center;\"><span class=\"st\">Buchtipp: Johannes H\u00f6rl und Dietmar Sch\u00f6ndorfer (Hg.)<br \/>\n<a href=\"https:\/\/www.vandenhoeck-ruprecht-verlage.com\/themen-entdecken\/kunst-und-architektur\/architektur\/38002\/die-grossglockner-hochalpenstrasse?c=0\" target=\"_blank\" rel=\"noopener noreferrer\">Die Gro\u00dfglockner Hochalpenstra\u00dfe. Erbe und Auftrag<\/a>.<br \/>\nWien: B\u00f6hlau Verlag, 2015. <\/span><\/p>\n[\/vc_column_text][\/vc_column][\/vc_row][vc_row type=&#8220;in_container&#8220; full_screen_row_position=&#8220;middle&#8220; scene_position=&#8220;center&#8220; text_color=&#8220;dark&#8220; text_align=&#8220;left&#8220; overlay_strength=&#8220;0.3&#8243; shape_divider_position=&#8220;bottom&#8220;][vc_column column_padding=&#8220;no-extra-padding&#8220; column_padding_position=&#8220;all&#8220; background_color_opacity=&#8220;1&#8243; background_hover_color_opacity=&#8220;1&#8243; column_shadow=&#8220;none&#8220; column_border_radius=&#8220;none&#8220; width=&#8220;1\/1&#8243; tablet_text_alignment=&#8220;default&#8220; phone_text_alignment=&#8220;default&#8220; column_border_width=&#8220;none&#8220; column_border_style=&#8220;solid&#8220;]<div class=\"divider-wrap\"><div style=\"height: 30px;\" class=\"divider\"><\/div><\/div><div class=\"img-with-aniamtion-wrap center\" data-max-width=\"100%\" data-border-radius=\"none\"><div class=\"inner\"><img loading=\"lazy\" decoding=\"async\" data-shadow=\"none\" data-shadow-direction=\"middle\" class=\"img-with-animation \" data-delay=\"0\" height=\"94\" width=\"476\" data-animation=\"fade-in\" src=\"https:\/\/tracingspaces.net\/heavenandhell\/wp-content\/uploads\/sites\/14\/2020\/07\/serpentine_logos_landscape_02-1.png\" srcset=\"https:\/\/tracingspaces.net\/heavenandhell\/wp-content\/uploads\/sites\/14\/2020\/07\/serpentine_logos_landscape_02-1.png 476w, https:\/\/tracingspaces.net\/heavenandhell\/wp-content\/uploads\/sites\/14\/2020\/07\/serpentine_logos_landscape_02-1-300x59.png 300w\" sizes=\"auto, 100vw\" alt=\"\" \/><\/div><\/div>[\/vc_column][\/vc_row]\n","protected":false},"excerpt":{"rendered":"<p>[vc_row type=&#8220;in_container&#8220; full_screen_row_position=&#8220;middle&#8220; scene_position=&#8220;center&#8220; text_color=&#8220;dark&#8220; text_align=&#8220;left&#8220; overlay_strength=&#8220;0.3&#8243; shape_divider_position=&#8220;bottom&#8220;][vc_column column_padding=&#8220;no-extra-padding&#8220; column_padding_position=&#8220;all&#8220; background_color_opacity=&#8220;1&#8243; background_hover_color_opacity=&#8220;1&#8243; column_shadow=&#8220;none&#8220; column_border_radius=&#8220;none&#8220; width=&#8220;1\/1&#8243; tablet_text_alignment=&#8220;default&#8220; phone_text_alignment=&#8220;default&#8220; column_border_width=&#8220;none&#8220; column_border_style=&#8220;solid&#8220;][vc_column_text] KUNST UND ALPINE ERLEBNISLANDSCHAFTEN | ART AND ALPINE LANDSCAPES von |&#8230;<\/p>\n","protected":false},"author":1,"featured_media":0,"parent":0,"menu_order":0,"comment_status":"closed","ping_status":"closed","template":"","meta":{"footnotes":""},"class_list":["post-54","page","type-page","status-publish"],"_links":{"self":[{"href":"https:\/\/tracingspaces.net\/heavenandhell\/wp-json\/wp\/v2\/pages\/54","targetHints":{"allow":["GET"]}}],"collection":[{"href":"https:\/\/tracingspaces.net\/heavenandhell\/wp-json\/wp\/v2\/pages"}],"about":[{"href":"https:\/\/tracingspaces.net\/heavenandhell\/wp-json\/wp\/v2\/types\/page"}],"author":[{"embeddable":true,"href":"https:\/\/tracingspaces.net\/heavenandhell\/wp-json\/wp\/v2\/users\/1"}],"replies":[{"embeddable":true,"href":"https:\/\/tracingspaces.net\/heavenandhell\/wp-json\/wp\/v2\/comments?post=54"}],"version-history":[{"count":62,"href":"https:\/\/tracingspaces.net\/heavenandhell\/wp-json\/wp\/v2\/pages\/54\/revisions"}],"predecessor-version":[{"id":458,"href":"https:\/\/tracingspaces.net\/heavenandhell\/wp-json\/wp\/v2\/pages\/54\/revisions\/458"}],"wp:attachment":[{"href":"https:\/\/tracingspaces.net\/heavenandhell\/wp-json\/wp\/v2\/media?parent=54"}],"curies":[{"name":"wp","href":"https:\/\/api.w.org\/{rel}","templated":true}]}}