{"id":35,"date":"2019-11-26T12:02:06","date_gmt":"2019-11-26T11:02:06","guid":{"rendered":"http:\/\/grazbackstage.tracingspaces.net\/?page_id=35"},"modified":"2021-05-06T17:41:13","modified_gmt":"2021-05-06T15:41:13","slug":"team","status":"publish","type":"page","link":"https:\/\/tracingspaces.net\/grazbackstage\/team\/","title":{"rendered":"Team"},"content":{"rendered":"[vc_row type=&#8220;in_container&#8220; full_screen_row_position=&#8220;middle&#8220; scene_position=&#8220;center&#8220; text_color=&#8220;dark&#8220; text_align=&#8220;left&#8220; overlay_strength=&#8220;0.3&#8243; shape_divider_position=&#8220;bottom&#8220;][vc_column column_padding=&#8220;no-extra-padding&#8220; column_padding_position=&#8220;all&#8220; background_color_opacity=&#8220;1&#8243; background_hover_color_opacity=&#8220;1&#8243; column_shadow=&#8220;none&#8220; column_border_radius=&#8220;none&#8220; width=&#8220;1\/1&#8243; tablet_text_alignment=&#8220;default&#8220; phone_text_alignment=&#8220;default&#8220; column_border_width=&#8220;none&#8220; column_border_style=&#8220;solid&#8220;][vc_column_text]\n<h2 style=\"text-align: center;\"><span style=\"font-size: 24pt;\">TEAM<\/span><\/h2>\n[\/vc_column_text]<div class=\"divider-wrap\"><div style=\"height: 20px;\" class=\"divider\"><\/div><\/div>[\/vc_column][\/vc_row][vc_row type=&#8220;in_container&#8220; full_screen_row_position=&#8220;middle&#8220; scene_position=&#8220;center&#8220; text_color=&#8220;dark&#8220; text_align=&#8220;left&#8220; overlay_strength=&#8220;0.3&#8243; shape_divider_position=&#8220;bottom&#8220;][vc_column column_padding=&#8220;no-extra-padding&#8220; column_padding_position=&#8220;all&#8220; background_color_opacity=&#8220;1&#8243; background_hover_color_opacity=&#8220;1&#8243; column_shadow=&#8220;none&#8220; column_border_radius=&#8220;none&#8220; width=&#8220;1\/2&#8243; tablet_text_alignment=&#8220;default&#8220; phone_text_alignment=&#8220;default&#8220; column_border_width=&#8220;none&#8220; column_border_style=&#8220;solid&#8220;][vc_column_text]\n<h3 style=\"text-align: center;\"><span style=\"font-size: 24pt;\">Initiatoren und Projektleiter<\/span><\/h3>\n<h3 style=\"text-align: center;\"><span style=\"font-size: 24pt;\">Gestalter*innen<\/span><\/h3>\n[\/vc_column_text]<div class=\"divider-wrap\"><div style=\"height: 25px;\" class=\"divider\"><\/div><\/div>[vc_column_text]\n<p style=\"text-align: center;\"><b>Michael Hieslmair und Michael Zinganel<\/b><br \/>\nbegr\u00fcndeten 2012 die\u00a0Forschungsplattform Tracing Spaces. Sie betreiben einen Projektraum am\u00a0Nordwestbahnhof, dem letzten innerst\u00e4dtischen Logistiknoten von Wien und\u00a0besch\u00e4ftigen sich als\u00a0K\u00fcnstler, Kuratoren, Kulturwissenschafter, Stadtforscher und\u00a0Architekturtheoretiker\u00a0mit Logistik,\u00a0transnationaler Mobilit\u00e4t, Massentourismus und Migration.<br \/>\n<a href=\"https:\/\/tracingspaces.net\/team\/\" target=\"_blank\" rel=\"noopener noreferrer\">zu den Personen auf tracingspaces.net<\/a><\/p>\n<p style=\"text-align: center;\"><a href=\"https:\/\/thehatdesign.com\/\" target=\"_blank\" rel=\"noopener noreferrer\">Theresa Hattinger<\/a> arbeitet als interdisziplin\u00e4re Gestalterin mit den Schwerpunkten Textiles, Typografie und Zeichnung zu politischen und sozio-kulturellen Themen im \u00f6ffentlichen Raum.<\/p>\n<p style=\"text-align: center;\">Paul Papalecca ist werdender Architekt und Raumplaner, der baut und installiert.<\/p>\n<p style=\"text-align: center;\">Manuel Moser ist Geograph, forscht zu Ritualen von LKW-Fahrern und recherchiert f\u00fcr uns an den Haltepunkten der Verkehrskorridore.<\/p>\n<p style=\"text-align: center;\"><a href=\"http:\/\/www.kinderhits.at\/musik\/\" target=\"_blank\" rel=\"noopener noreferrer\">Matth\u00e4us B\u00e4r<\/a> schreibt Texte und Lieder f\u00fcr Kinder und Erwachsene.<\/p>\n[\/vc_column_text]<div class=\"divider-wrap\"><div style=\"height: 40px;\" class=\"divider\"><\/div><\/div>[vc_column_text]\n<h3 style=\"text-align: center;\"><span style=\"font-size: 24pt;\">Kooperationspartner*innen <\/span><\/h3>\n<h3 style=\"text-align: center;\"><span style=\"font-size: 24pt;\">aus dem Kulturbetrieb<\/span><\/h3>\n[\/vc_column_text]<div class=\"divider-wrap\"><div style=\"height: 25px;\" class=\"divider\"><\/div><\/div>[vc_column_text]\n<p style=\"text-align: center;\"><strong>HDA, Haus der Architektur Graz<\/strong><br \/>\nBeate Engelhorn, Gesch\u00e4ftsf\u00fchrerin<br \/>\n<a href=\"https:\/\/hda-graz.at\" target=\"_blank\" rel=\"noopener noreferrer\">hda-graz.at<\/a><\/p>\n[\/vc_column_text]<div class=\"divider-wrap\"><div style=\"height: 40px;\" class=\"divider\"><\/div><\/div>[vc_column_text]\n<h3 style=\"text-align: center;\"><span style=\"font-size: 24pt;\">Projektpartner*innen <\/span><\/h3>\n<h3 style=\"text-align: center;\"><span style=\"font-size: 24pt;\">aus der Wirtschaft<\/span><\/h3>\n[\/vc_column_text]<div class=\"divider-wrap\"><div style=\"height: 20px;\" class=\"divider\"><\/div><\/div>[vc_column_text]\n<p style=\"text-align: center;\">Cargo Center Graz, Post AG, Saubermacher, SERVUS, SPAR<\/p>\n[\/vc_column_text][\/vc_column][vc_column column_padding=&#8220;no-extra-padding&#8220; column_padding_position=&#8220;all&#8220; background_color_opacity=&#8220;1&#8243; background_hover_color_opacity=&#8220;1&#8243; column_shadow=&#8220;none&#8220; column_border_radius=&#8220;none&#8220; width=&#8220;1\/2&#8243; tablet_text_alignment=&#8220;default&#8220; phone_text_alignment=&#8220;default&#8220; column_border_width=&#8220;none&#8220; column_border_style=&#8220;solid&#8220;][vc_column_text]\n<h3 style=\"text-align: center;\"><span style=\"font-size: 24pt;\">Projektpartner*innen <\/span><\/h3>\n<h3 style=\"text-align: center;\"><span style=\"font-size: 24pt;\">aus der Wissenschaft<\/span><\/h3>\n[\/vc_column_text]<div class=\"divider-wrap\"><div style=\"height: 25px;\" class=\"divider\"><\/div><\/div>[vc_column_text]\n<p style=\"text-align: center;\"><strong>Ulrich Ermann<\/strong>, Univ.-Prof. Dr. phil.,<br \/>\n2012 Professor f\u00fcr Humangeographie unter Ber\u00fccksichtigung der Fachdidaktik an der Universit\u00e4t Graz, 2017 Leiter des Instituts f\u00fcr Geographie und Raumforschung. Forschungsschwerpunkte im Bereich einer geistes- und sozialwissenschaftlich ausgerichteten Geographie des \u00d6konomischen im Schnittfeld von Kulturgeographie und Wirtschaftsgeographie sind M\u00e4rkte und R\u00e4ume, die zwischen Produktions- und Konsumwelten hergestellt und ver\u00e4ndert werden. Die Arbeiten basieren auf Grundsatzfragen zur Materialit\u00e4t des \u00d6konomischen und lassen sich als more-than-human geographies vor dem Hintergrund von Science and Technology Studies und Actor-Network Theory verstehen, bei denen Grenzverschiebungen zwischen dem Menschlichen und dem Nicht-Menschlichen neu \u201avermessen\u2018 werden.<br \/>\n<a href=\"https:\/\/homepage.uni-graz.at\/de\/ulrich.ermann\/\" target=\"_blank\" rel=\"noopener noreferrer\">zur Person auf uni-graz.at<\/a><\/p>\n<p style=\"text-align: center;\"><strong>Christian Landsch\u00fctzer<\/strong>, Assoc.Prof. DI Dr.techn.<br \/>\nInstitut f\u00fcr Technische Logistik \/ TU Graz<br \/>\n<a href=\"https:\/\/online.tugraz.at\/tug_online\/visitenkarte.show_vcard?pPersonenId=A01BB5B6E1CB00E1&amp;pPersonenGruppe=3\" target=\"_blank\" rel=\"noopener noreferrer\">zur Person auf tugraz.at<\/a><\/p>\n<p style=\"text-align: center;\"><strong>Johanna Rolshoven<\/strong>, Univ.-Prof. Dr. phil.,<br \/>\nseit 2009 Professorin und Leiterin der Instituts f\u00fcr Kulturanthropologie und Europ\u00e4ische Ethnologie an der Universit\u00e4t Graz. Als Vertreterin der Kritischen Kulturwissenschaft arbeitet sie in einer transdisziplin\u00e4ren und genderorientierten Perspektive in komplexen Alltagskulturanalysen v. a. in der Stadt-Raum-Kulturforschung, in der kulturwissenschaftlichen Mobilit\u00e4tenforschung, der Politischen Anthropologie und der Wissenschaftsforschung. Mit Justin Winkler arbeitet sie zudem auch in der International Association for Cultural Studies in Architecture.<br \/>\n<a href=\"https:\/\/homepage.uni-graz.at\/de\/johanna.rolshoven\/\" target=\"_blank\" rel=\"noopener noreferrer\">zur Person auf uni-graz.at<\/a><br \/>\n<a href=\"http:\/\/www.iacsa.eu\" target=\"_blank\" rel=\"noopener noreferrer\">www.iacsa.eu<\/a><\/p>\n<p style=\"text-align: center;\"><strong>Justin Winkler<\/strong>, PD Dr. phil. habil., Musikwissenschafter und Humangeograph, Titularprofessor an der Abteilung Humangeographie im Departement Umweltwissenschaften der Universit\u00e4t Basel<\/p>\n<p style=\"text-align: center;\"><span class=\"l\"><strong>Danko<\/strong><span class=\"s\"><strong> <span class=\"bold\">Simic<\/span><\/strong>, BSc MSc, Universit\u00e4tsassistent, Institut f\u00fcr Geographie und Raumforschung, Universit\u00e4t Graz<br \/>\n<\/span><\/span><\/p>\n[\/vc_column_text][\/vc_column][\/vc_row][vc_row type=&#8220;in_container&#8220; full_screen_row_position=&#8220;middle&#8220; scene_position=&#8220;center&#8220; text_color=&#8220;dark&#8220; text_align=&#8220;left&#8220; overlay_strength=&#8220;0.3&#8243; shape_divider_position=&#8220;bottom&#8220;][vc_column column_padding=&#8220;no-extra-padding&#8220; column_padding_position=&#8220;all&#8220; background_color_opacity=&#8220;1&#8243; background_hover_color_opacity=&#8220;1&#8243; column_shadow=&#8220;none&#8220; column_border_radius=&#8220;none&#8220; width=&#8220;1\/1&#8243; tablet_text_alignment=&#8220;default&#8220; phone_text_alignment=&#8220;default&#8220; column_border_width=&#8220;none&#8220; column_border_style=&#8220;solid&#8220;]<div class=\"divider-wrap\"><div style=\"height: 20px;\" class=\"divider\"><\/div><\/div>[\/vc_column][\/vc_row][vc_row type=&#8220;in_container&#8220; full_screen_row_position=&#8220;middle&#8220; scene_position=&#8220;center&#8220; text_color=&#8220;dark&#8220; text_align=&#8220;left&#8220; overlay_strength=&#8220;0.3&#8243; shape_divider_position=&#8220;bottom&#8220;][vc_column column_padding=&#8220;no-extra-padding&#8220; column_padding_position=&#8220;all&#8220; background_color_opacity=&#8220;1&#8243; background_hover_color_opacity=&#8220;1&#8243; column_shadow=&#8220;none&#8220; column_border_radius=&#8220;none&#8220; width=&#8220;1\/6&#8243; tablet_text_alignment=&#8220;default&#8220; phone_text_alignment=&#8220;default&#8220; column_border_width=&#8220;none&#8220; column_border_style=&#8220;solid&#8220;]<div class=\"img-with-aniamtion-wrap \" data-max-width=\"100%\" data-border-radius=\"none\"><div class=\"inner\"><img loading=\"lazy\" decoding=\"async\" data-shadow=\"none\" data-shadow-direction=\"middle\" class=\"img-with-animation \" data-delay=\"0\" height=\"188\" width=\"466\" data-animation=\"fade-in\" src=\"https:\/\/tracingspaces.net\/grazbackstage\/wp-content\/uploads\/sites\/11\/2020\/03\/Post_crop.jpg\" srcset=\"https:\/\/tracingspaces.net\/grazbackstage\/wp-content\/uploads\/sites\/11\/2020\/03\/Post_crop.jpg 466w, https:\/\/tracingspaces.net\/grazbackstage\/wp-content\/uploads\/sites\/11\/2020\/03\/Post_crop-300x121.jpg 300w\" sizes=\"auto, 100vw\" alt=\"\" \/><\/div><\/div>[\/vc_column][vc_column column_padding=&#8220;no-extra-padding&#8220; column_padding_position=&#8220;all&#8220; background_color_opacity=&#8220;1&#8243; background_hover_color_opacity=&#8220;1&#8243; column_shadow=&#8220;none&#8220; column_border_radius=&#8220;none&#8220; width=&#8220;1\/6&#8243; tablet_text_alignment=&#8220;default&#8220; phone_text_alignment=&#8220;default&#8220; column_border_width=&#8220;none&#8220; column_border_style=&#8220;solid&#8220;]<div class=\"img-with-aniamtion-wrap \" data-max-width=\"100%\" data-border-radius=\"none\"><div class=\"inner\"><img loading=\"lazy\" decoding=\"async\" data-shadow=\"none\" data-shadow-direction=\"middle\" class=\"img-with-animation \" data-delay=\"0\" height=\"354\" width=\"826\" data-animation=\"fade-in\" src=\"https:\/\/tracingspaces.net\/grazbackstage\/wp-content\/uploads\/sites\/11\/2020\/03\/cargo.png\" srcset=\"https:\/\/tracingspaces.net\/grazbackstage\/wp-content\/uploads\/sites\/11\/2020\/03\/cargo.png 826w, https:\/\/tracingspaces.net\/grazbackstage\/wp-content\/uploads\/sites\/11\/2020\/03\/cargo-300x129.png 300w, https:\/\/tracingspaces.net\/grazbackstage\/wp-content\/uploads\/sites\/11\/2020\/03\/cargo-768x329.png 768w\" sizes=\"auto, 100vw\" alt=\"\" \/><\/div><\/div>[\/vc_column][vc_column column_padding=&#8220;no-extra-padding&#8220; column_padding_position=&#8220;all&#8220; background_color_opacity=&#8220;1&#8243; background_hover_color_opacity=&#8220;1&#8243; column_shadow=&#8220;none&#8220; column_border_radius=&#8220;none&#8220; width=&#8220;1\/6&#8243; tablet_text_alignment=&#8220;default&#8220; phone_text_alignment=&#8220;default&#8220; column_border_width=&#8220;none&#8220; column_border_style=&#8220;solid&#8220;]<div class=\"img-with-aniamtion-wrap \" data-max-width=\"100%\" data-border-radius=\"none\"><div class=\"inner\"><img loading=\"lazy\" decoding=\"async\" data-shadow=\"none\" data-shadow-direction=\"middle\" class=\"img-with-animation \" data-delay=\"0\" height=\"427\" width=\"1000\" data-animation=\"fade-in\" src=\"https:\/\/tracingspaces.net\/grazbackstage\/wp-content\/uploads\/sites\/11\/2020\/03\/Servus.png\" srcset=\"https:\/\/tracingspaces.net\/grazbackstage\/wp-content\/uploads\/sites\/11\/2020\/03\/Servus.png 1000w, https:\/\/tracingspaces.net\/grazbackstage\/wp-content\/uploads\/sites\/11\/2020\/03\/Servus-300x128.png 300w, https:\/\/tracingspaces.net\/grazbackstage\/wp-content\/uploads\/sites\/11\/2020\/03\/Servus-768x328.png 768w\" sizes=\"auto, 100vw\" alt=\"\" \/><\/div><\/div>[\/vc_column][vc_column column_padding=&#8220;no-extra-padding&#8220; column_padding_position=&#8220;all&#8220; background_color_opacity=&#8220;1&#8243; background_hover_color_opacity=&#8220;1&#8243; column_shadow=&#8220;none&#8220; column_border_radius=&#8220;none&#8220; width=&#8220;1\/6&#8243; tablet_text_alignment=&#8220;default&#8220; phone_text_alignment=&#8220;default&#8220; column_border_width=&#8220;none&#8220; column_border_style=&#8220;solid&#8220;]<div class=\"img-with-aniamtion-wrap \" data-max-width=\"100%\" data-border-radius=\"none\"><div class=\"inner\"><img loading=\"lazy\" decoding=\"async\" data-shadow=\"none\" data-shadow-direction=\"middle\" class=\"img-with-animation \" data-delay=\"0\" height=\"339\" width=\"1984\" data-animation=\"fade-in\" src=\"https:\/\/tracingspaces.net\/grazbackstage\/wp-content\/uploads\/sites\/11\/2020\/03\/SPAR_RGB.jpg\" srcset=\"https:\/\/tracingspaces.net\/grazbackstage\/wp-content\/uploads\/sites\/11\/2020\/03\/SPAR_RGB.jpg 1984w, https:\/\/tracingspaces.net\/grazbackstage\/wp-content\/uploads\/sites\/11\/2020\/03\/SPAR_RGB-300x51.jpg 300w, https:\/\/tracingspaces.net\/grazbackstage\/wp-content\/uploads\/sites\/11\/2020\/03\/SPAR_RGB-1024x175.jpg 1024w, https:\/\/tracingspaces.net\/grazbackstage\/wp-content\/uploads\/sites\/11\/2020\/03\/SPAR_RGB-768x131.jpg 768w, https:\/\/tracingspaces.net\/grazbackstage\/wp-content\/uploads\/sites\/11\/2020\/03\/SPAR_RGB-1536x262.jpg 1536w\" sizes=\"auto, 100vw\" alt=\"\" \/><\/div><\/div>[\/vc_column][vc_column column_padding=&#8220;no-extra-padding&#8220; column_padding_position=&#8220;all&#8220; background_color_opacity=&#8220;1&#8243; background_hover_color_opacity=&#8220;1&#8243; column_shadow=&#8220;none&#8220; column_border_radius=&#8220;none&#8220; width=&#8220;1\/6&#8243; tablet_text_alignment=&#8220;default&#8220; phone_text_alignment=&#8220;default&#8220; column_border_width=&#8220;none&#8220; column_border_style=&#8220;solid&#8220;][\/vc_column][vc_column column_padding=&#8220;no-extra-padding&#8220; column_padding_position=&#8220;all&#8220; background_color_opacity=&#8220;1&#8243; background_hover_color_opacity=&#8220;1&#8243; column_shadow=&#8220;none&#8220; column_border_radius=&#8220;none&#8220; width=&#8220;1\/6&#8243; tablet_text_alignment=&#8220;default&#8220; phone_text_alignment=&#8220;default&#8220; column_border_width=&#8220;none&#8220; column_border_style=&#8220;solid&#8220;][\/vc_column][\/vc_row]\n","protected":false},"excerpt":{"rendered":"<p>[vc_row type=&#8220;in_container&#8220; full_screen_row_position=&#8220;middle&#8220; scene_position=&#8220;center&#8220; text_color=&#8220;dark&#8220; text_align=&#8220;left&#8220; overlay_strength=&#8220;0.3&#8243; shape_divider_position=&#8220;bottom&#8220;][vc_column column_padding=&#8220;no-extra-padding&#8220; column_padding_position=&#8220;all&#8220; background_color_opacity=&#8220;1&#8243; background_hover_color_opacity=&#8220;1&#8243; column_shadow=&#8220;none&#8220; column_border_radius=&#8220;none&#8220; width=&#8220;1\/1&#8243; tablet_text_alignment=&#8220;default&#8220; phone_text_alignment=&#8220;default&#8220; column_border_width=&#8220;none&#8220; column_border_style=&#8220;solid&#8220;][vc_column_text] TEAM [\/vc_column_text][\/vc_column][\/vc_row][vc_row type=&#8220;in_container&#8220; full_screen_row_position=&#8220;middle&#8220; scene_position=&#8220;center&#8220; text_color=&#8220;dark&#8220; text_align=&#8220;left&#8220; overlay_strength=&#8220;0.3&#8243; shape_divider_position=&#8220;bottom&#8220;][vc_column column_padding=&#8220;no-extra-padding&#8220; column_padding_position=&#8220;all&#8220;&#8230;<\/p>\n","protected":false},"author":1,"featured_media":0,"parent":0,"menu_order":0,"comment_status":"closed","ping_status":"closed","template":"","meta":{"footnotes":""},"class_list":["post-35","page","type-page","status-publish"],"_links":{"self":[{"href":"https:\/\/tracingspaces.net\/grazbackstage\/wp-json\/wp\/v2\/pages\/35","targetHints":{"allow":["GET"]}}],"collection":[{"href":"https:\/\/tracingspaces.net\/grazbackstage\/wp-json\/wp\/v2\/pages"}],"about":[{"href":"https:\/\/tracingspaces.net\/grazbackstage\/wp-json\/wp\/v2\/types\/page"}],"author":[{"embeddable":true,"href":"https:\/\/tracingspaces.net\/grazbackstage\/wp-json\/wp\/v2\/users\/1"}],"replies":[{"embeddable":true,"href":"https:\/\/tracingspaces.net\/grazbackstage\/wp-json\/wp\/v2\/comments?post=35"}],"version-history":[{"count":54,"href":"https:\/\/tracingspaces.net\/grazbackstage\/wp-json\/wp\/v2\/pages\/35\/revisions"}],"predecessor-version":[{"id":606,"href":"https:\/\/tracingspaces.net\/grazbackstage\/wp-json\/wp\/v2\/pages\/35\/revisions\/606"}],"wp:attachment":[{"href":"https:\/\/tracingspaces.net\/grazbackstage\/wp-json\/wp\/v2\/media?parent=35"}],"curies":[{"name":"wp","href":"https:\/\/api.w.org\/{rel}","templated":true}]}}