{"id":16,"date":"2021-08-06T21:06:31","date_gmt":"2021-08-06T19:06:31","guid":{"rendered":"https:\/\/tracingspaces.net\/excavations\/?page_id=16"},"modified":"2024-01-05T19:38:52","modified_gmt":"2024-01-05T18:38:52","slug":"eroeffnung-der-ausgrabungsstaette","status":"publish","type":"page","link":"https:\/\/tracingspaces.net\/excavations\/","title":{"rendered":"Ausgrabungsst\u00e4tte"},"content":{"rendered":"[vc_row type=&#8220;in_container&#8220; full_screen_row_position=&#8220;middle&#8220; scene_position=&#8220;center&#8220; text_color=&#8220;dark&#8220; text_align=&#8220;left&#8220; overlay_strength=&#8220;0.3&#8243; shape_divider_position=&#8220;bottom&#8220;][vc_column column_padding=&#8220;no-extra-padding&#8220; column_padding_position=&#8220;all&#8220; background_color_opacity=&#8220;1&#8243; background_hover_color_opacity=&#8220;1&#8243; column_shadow=&#8220;none&#8220; column_border_radius=&#8220;none&#8220; width=&#8220;1\/1&#8243; tablet_text_alignment=&#8220;default&#8220; phone_text_alignment=&#8220;default&#8220; column_border_width=&#8220;none&#8220; column_border_style=&#8220;solid&#8220;][vc_column_text]\n<h1 class=\"kvgmc6g5 cxmmr5t8 oygrvhab hcukyx3x c1et5uql\" style=\"text-align: center;\">Baustelleneinrichtung<\/h1>\n<h1 class=\"kvgmc6g5 cxmmr5t8 oygrvhab hcukyx3x c1et5uql\" style=\"text-align: center;\">k\u00fcnstlerischer &#8218;Ausgrabungsarbeiten&#8216;<\/h1>\n<h1 class=\"kvgmc6g5 cxmmr5t8 oygrvhab hcukyx3x c1et5uql\" style=\"text-align: center;\">am Wiener Nordwestbahnhof<\/h1>\n<h1 class=\"kvgmc6g5 cxmmr5t8 oygrvhab hcukyx3x c1et5uql\" style=\"text-align: center;\">Construction site set-up<\/h1>\n<h1 class=\"kvgmc6g5 cxmmr5t8 oygrvhab hcukyx3x c1et5uql\" style=\"text-align: center;\">of the artistic &#8218;excavation works&#8216;<\/h1>\n<h1 class=\"kvgmc6g5 cxmmr5t8 oygrvhab hcukyx3x c1et5uql\" style=\"text-align: center;\">at the Vienna North West Station<\/h1>\n[\/vc_column_text][\/vc_column][\/vc_row][vc_row type=&#8220;in_container&#8220; full_screen_row_position=&#8220;middle&#8220; scene_position=&#8220;center&#8220; text_color=&#8220;dark&#8220; text_align=&#8220;left&#8220; overlay_strength=&#8220;0.3&#8243; shape_divider_position=&#8220;bottom&#8220;][vc_column column_padding=&#8220;no-extra-padding&#8220; column_padding_position=&#8220;all&#8220; background_color_opacity=&#8220;1&#8243; background_hover_color_opacity=&#8220;1&#8243; column_shadow=&#8220;none&#8220; column_border_radius=&#8220;none&#8220; width=&#8220;1\/1&#8243; tablet_text_alignment=&#8220;default&#8220; phone_text_alignment=&#8220;default&#8220; column_border_width=&#8220;none&#8220; column_border_style=&#8220;solid&#8220;]<div class=\"img-with-aniamtion-wrap center\" data-max-width=\"100%\" data-border-radius=\"none\"><div class=\"inner\"><img loading=\"lazy\" decoding=\"async\" data-shadow=\"none\" data-shadow-direction=\"middle\" class=\"img-with-animation \" data-delay=\"0\" height=\"1334\" width=\"2000\" data-animation=\"fade-in\" src=\"https:\/\/tracingspaces.net\/excavations\/wp-content\/uploads\/sites\/15\/2024\/01\/tagdesdenkmals_bhf.jpg\" srcset=\"https:\/\/tracingspaces.net\/excavations\/wp-content\/uploads\/sites\/15\/2024\/01\/tagdesdenkmals_bhf.jpg 2000w, https:\/\/tracingspaces.net\/excavations\/wp-content\/uploads\/sites\/15\/2024\/01\/tagdesdenkmals_bhf-300x200.jpg 300w, https:\/\/tracingspaces.net\/excavations\/wp-content\/uploads\/sites\/15\/2024\/01\/tagdesdenkmals_bhf-1024x683.jpg 1024w, https:\/\/tracingspaces.net\/excavations\/wp-content\/uploads\/sites\/15\/2024\/01\/tagdesdenkmals_bhf-768x512.jpg 768w, https:\/\/tracingspaces.net\/excavations\/wp-content\/uploads\/sites\/15\/2024\/01\/tagdesdenkmals_bhf-1536x1025.jpg 1536w, https:\/\/tracingspaces.net\/excavations\/wp-content\/uploads\/sites\/15\/2024\/01\/tagdesdenkmals_bhf-900x600.jpg 900w\" sizes=\"auto, 100vw\" alt=\"\" \/><\/div><\/div><div class=\"divider-wrap\"><div style=\"height: 20px;\" class=\"divider\"><\/div><\/div>[vc_column_text]\n<h6 style=\"text-align: center;\">\u00dcberlagerung eines Luftbildes des Areals des Wiener Nordwestbahnhofs aus dem Jahr 2015 mit dem Einreichplan der Einbauten f\u00fcr die NS-Propaganda-Ausstellung \u201eDer ewige Jude\u201c (1938) im Bestand des sp\u00e4ter zerst\u00f6rten Bahnhofsgeb\u00e4udes (schraffiert) an der Ecke Taborstra\u00dfe und Nordwestbahnstra\u00dfe.<\/h6>\n[\/vc_column_text]<div class=\"divider-wrap\"><div style=\"height: 40px;\" class=\"divider\"><\/div><\/div>[\/vc_column][\/vc_row][vc_row type=&#8220;in_container&#8220; full_screen_row_position=&#8220;middle&#8220; scene_position=&#8220;center&#8220; text_color=&#8220;dark&#8220; text_align=&#8220;left&#8220; overlay_strength=&#8220;0.3&#8243; shape_divider_position=&#8220;bottom&#8220;][vc_column column_padding=&#8220;no-extra-padding&#8220; column_padding_position=&#8220;all&#8220; background_color_opacity=&#8220;1&#8243; background_hover_color_opacity=&#8220;1&#8243; column_shadow=&#8220;none&#8220; column_border_radius=&#8220;none&#8220; width=&#8220;1\/2&#8243; tablet_text_alignment=&#8220;default&#8220; phone_text_alignment=&#8220;default&#8220; column_border_width=&#8220;none&#8220; column_border_style=&#8220;solid&#8220;][vc_column_text]\n<div class=\"\">In einer gro\u00dfr\u00e4umigen Freiluft-Installation werden \u201eSpuren\u201c zweier historischer Ereignisse zeitlich verdichtet an ihren Originalschaupl\u00e4tzen rekonstruiert: Analog zu \u201eAusgrabungen\u201c wurden sowohl die Grundrisslinien der 1952 abgebrochenen Bahnhofshalle und der 1938 darin aufgebauten antisemitischen NS-Propaganda-Ausstellung \u201eDer ewige Jude\u201c im Ma\u00dfstab 1:1 am Boden nachgezeichnet und als Erinnerungsmal \u201efreigelegt\u201c. Gleichzeitig wird mit Verweis auf die Dreharbeiten des Films \u201eStadt ohne Juden\u201c ein Kameraset und Zugwaggon in abstrahierter Form nachgebaut. War die fiktive Deportation im Film von 1924 noch vor\u00fcbergehend, so zeigte die verhetzende Wirkung der Ausstellung 1938 ihre fatale Wirkung im Realen: in Pogromen, Deportationen und Massenvernichtung.<\/div>\n[\/vc_column_text][\/vc_column][vc_column column_padding=&#8220;no-extra-padding&#8220; column_padding_position=&#8220;all&#8220; background_color_opacity=&#8220;1&#8243; background_hover_color_opacity=&#8220;1&#8243; column_shadow=&#8220;none&#8220; column_border_radius=&#8220;none&#8220; width=&#8220;1\/2&#8243; tablet_text_alignment=&#8220;default&#8220; phone_text_alignment=&#8220;default&#8220; column_border_width=&#8220;none&#8220; column_border_style=&#8220;solid&#8220;][vc_column_text]\n<div class=\"o9v6fnle cxmmr5t8 oygrvhab hcukyx3x c1et5uql\">In a large-scale open-air installation, &#8222;traces&#8220; of two historical events are reconstructed in condensed time\u00a0at their original locations: Analogous to &#8222;excavations&#8220;, both the ground plan lines of the station hall\u00a0demolished in 1952 and the antisemitic Nazi propaganda exhibition &#8222;The Eternal Jew&#8220; set up inside here\u00a0in 1938 were traced on the ground on a scale of 1:1 and &#8222;uncovered&#8220; as a commemorative monument. At\u00a0the same time, with reference to the filming of the movie &#8222;City without Jews&#8220;, a camera set and train\u00a0carriage are recreated in an abstracted form. If the fictitious deportation in the 1924 film was still\u00a0temporary, the inciting effect of the exhibition in 1938 showed its fatal effect in the real: in pogroms,\u00a0deportations and mass extermination.<\/div>\n[\/vc_column_text][\/vc_column][\/vc_row][vc_row type=&#8220;in_container&#8220; full_screen_row_position=&#8220;middle&#8220; scene_position=&#8220;center&#8220; text_color=&#8220;dark&#8220; text_align=&#8220;left&#8220; overlay_strength=&#8220;0.3&#8243; shape_divider_position=&#8220;bottom&#8220;][vc_column column_padding=&#8220;no-extra-padding&#8220; column_padding_position=&#8220;all&#8220; background_color_opacity=&#8220;1&#8243; background_hover_color_opacity=&#8220;1&#8243; column_shadow=&#8220;none&#8220; column_border_radius=&#8220;none&#8220; width=&#8220;1\/1&#8243; tablet_text_alignment=&#8220;default&#8220; phone_text_alignment=&#8220;default&#8220; column_border_width=&#8220;none&#8220; column_border_style=&#8220;solid&#8220;]<div class=\"divider-wrap\"><div style=\"height: 30px;\" class=\"divider\"><\/div><\/div>[\/vc_column][\/vc_row][vc_row type=&#8220;in_container&#8220; full_screen_row_position=&#8220;middle&#8220; scene_position=&#8220;center&#8220; text_color=&#8220;dark&#8220; text_align=&#8220;left&#8220; overlay_strength=&#8220;0.3&#8243; shape_divider_position=&#8220;bottom&#8220;][vc_column column_padding=&#8220;no-extra-padding&#8220; column_padding_position=&#8220;all&#8220; background_color_opacity=&#8220;1&#8243; background_hover_color_opacity=&#8220;1&#8243; column_shadow=&#8220;none&#8220; column_border_radius=&#8220;none&#8220; width=&#8220;1\/2&#8243; tablet_text_alignment=&#8220;default&#8220; phone_text_alignment=&#8220;default&#8220; column_border_width=&#8220;none&#8220; column_border_style=&#8220;solid&#8220;]<div class=\"img-with-aniamtion-wrap center\" data-max-width=\"100%\" data-border-radius=\"none\"><div class=\"inner\"><img loading=\"lazy\" decoding=\"async\" data-shadow=\"none\" data-shadow-direction=\"middle\" class=\"img-with-animation \" data-delay=\"0\" height=\"1520\" width=\"2000\" data-animation=\"fade-in\" src=\"https:\/\/tracingspaces.net\/excavations\/wp-content\/uploads\/sites\/15\/2021\/08\/Filmstill-aus-DIE-STADT-OHNE-JUDEN-1924-Filmarchiv-Austria_011_lowres.jpg\" srcset=\"https:\/\/tracingspaces.net\/excavations\/wp-content\/uploads\/sites\/15\/2021\/08\/Filmstill-aus-DIE-STADT-OHNE-JUDEN-1924-Filmarchiv-Austria_011_lowres.jpg 2000w, https:\/\/tracingspaces.net\/excavations\/wp-content\/uploads\/sites\/15\/2021\/08\/Filmstill-aus-DIE-STADT-OHNE-JUDEN-1924-Filmarchiv-Austria_011_lowres-300x228.jpg 300w, https:\/\/tracingspaces.net\/excavations\/wp-content\/uploads\/sites\/15\/2021\/08\/Filmstill-aus-DIE-STADT-OHNE-JUDEN-1924-Filmarchiv-Austria_011_lowres-1024x778.jpg 1024w, https:\/\/tracingspaces.net\/excavations\/wp-content\/uploads\/sites\/15\/2021\/08\/Filmstill-aus-DIE-STADT-OHNE-JUDEN-1924-Filmarchiv-Austria_011_lowres-768x584.jpg 768w, https:\/\/tracingspaces.net\/excavations\/wp-content\/uploads\/sites\/15\/2021\/08\/Filmstill-aus-DIE-STADT-OHNE-JUDEN-1924-Filmarchiv-Austria_011_lowres-1536x1167.jpg 1536w\" sizes=\"auto, 100vw\" alt=\"\" \/><\/div><\/div>[\/vc_column][vc_column column_padding=&#8220;no-extra-padding&#8220; column_padding_position=&#8220;all&#8220; background_color_opacity=&#8220;1&#8243; background_hover_color_opacity=&#8220;1&#8243; column_shadow=&#8220;none&#8220; column_border_radius=&#8220;none&#8220; width=&#8220;1\/2&#8243; tablet_text_alignment=&#8220;default&#8220; phone_text_alignment=&#8220;default&#8220; column_border_width=&#8220;none&#8220; column_border_style=&#8220;solid&#8220;]<div class=\"img-with-aniamtion-wrap center\" data-max-width=\"100%\" data-border-radius=\"none\"><div class=\"inner\"><img loading=\"lazy\" decoding=\"async\" data-shadow=\"none\" data-shadow-direction=\"middle\" class=\"img-with-animation \" data-delay=\"0\" height=\"1432\" width=\"2000\" data-animation=\"fade-in\" src=\"https:\/\/tracingspaces.net\/excavations\/wp-content\/uploads\/sites\/15\/2021\/08\/OEGZ_S172_9_lowres.jpg\" srcset=\"https:\/\/tracingspaces.net\/excavations\/wp-content\/uploads\/sites\/15\/2021\/08\/OEGZ_S172_9_lowres.jpg 2000w, https:\/\/tracingspaces.net\/excavations\/wp-content\/uploads\/sites\/15\/2021\/08\/OEGZ_S172_9_lowres-300x215.jpg 300w, https:\/\/tracingspaces.net\/excavations\/wp-content\/uploads\/sites\/15\/2021\/08\/OEGZ_S172_9_lowres-1024x733.jpg 1024w, https:\/\/tracingspaces.net\/excavations\/wp-content\/uploads\/sites\/15\/2021\/08\/OEGZ_S172_9_lowres-768x550.jpg 768w, https:\/\/tracingspaces.net\/excavations\/wp-content\/uploads\/sites\/15\/2021\/08\/OEGZ_S172_9_lowres-1536x1100.jpg 1536w\" sizes=\"auto, 100vw\" alt=\"\" \/><\/div><\/div>[\/vc_column][\/vc_row][vc_row type=&#8220;in_container&#8220; full_screen_row_position=&#8220;middle&#8220; scene_position=&#8220;center&#8220; text_color=&#8220;dark&#8220; text_align=&#8220;left&#8220; overlay_strength=&#8220;0.3&#8243; shape_divider_position=&#8220;bottom&#8220;][vc_column column_padding=&#8220;no-extra-padding&#8220; column_padding_position=&#8220;all&#8220; background_color_opacity=&#8220;1&#8243; background_hover_color_opacity=&#8220;1&#8243; column_shadow=&#8220;none&#8220; column_border_radius=&#8220;none&#8220; width=&#8220;1\/2&#8243; tablet_text_alignment=&#8220;default&#8220; phone_text_alignment=&#8220;default&#8220; column_border_width=&#8220;none&#8220; column_border_style=&#8220;solid&#8220;][vc_column_text]\n<h6 style=\"text-align: center;\">Der Nordwestbahnhof als Drehort f\u00fcr die fiktive (noch vor\u00fcbergehende) Deportations-Szene im Film \u201eStadt ohne Juden\u201c (1924) nach einer Romanvorlage von Hugo Bettauer. Blick der Kamera auf das Postgeb\u00e4ude, das heute noch erhalten ist. \u00a9 Filmarchiv Austria<\/h6>\n[\/vc_column_text][\/vc_column][vc_column column_padding=&#8220;no-extra-padding&#8220; column_padding_position=&#8220;all&#8220; background_color_opacity=&#8220;1&#8243; background_hover_color_opacity=&#8220;1&#8243; column_shadow=&#8220;none&#8220; column_border_radius=&#8220;none&#8220; width=&#8220;1\/2&#8243; tablet_text_alignment=&#8220;default&#8220; phone_text_alignment=&#8220;default&#8220; column_border_width=&#8220;none&#8220; column_border_style=&#8220;solid&#8220;][vc_column_text]\n<h6 style=\"text-align: center;\">Der Mittelrisalit des Portal-Geb\u00e4udes des heute nicht mehr existenten Nordwestbahnhofs an der Taborstra\u00dfe Ecke Nordwestbahnstra\u00dfe diente als Tr\u00e4ger des riesigen antisemitischen Plakates und als Eingang zur Ausstellung \u201eDer ewige Jude\u201c 1938. \u00a9 Bildarchiv Austria<\/h6>\n[\/vc_column_text][\/vc_column][\/vc_row][vc_row type=&#8220;in_container&#8220; full_screen_row_position=&#8220;middle&#8220; scene_position=&#8220;center&#8220; text_color=&#8220;dark&#8220; text_align=&#8220;left&#8220; overlay_strength=&#8220;0.3&#8243; shape_divider_position=&#8220;bottom&#8220;][vc_column column_padding=&#8220;no-extra-padding&#8220; column_padding_position=&#8220;all&#8220; background_color_opacity=&#8220;1&#8243; background_hover_color_opacity=&#8220;1&#8243; column_shadow=&#8220;none&#8220; column_border_radius=&#8220;none&#8220; width=&#8220;1\/1&#8243; tablet_text_alignment=&#8220;default&#8220; phone_text_alignment=&#8220;default&#8220; column_border_width=&#8220;none&#8220; column_border_style=&#8220;solid&#8220;]<div class=\"divider-wrap\"><div style=\"height: 30px;\" class=\"divider\"><\/div><\/div>[\/vc_column][\/vc_row][vc_row type=&#8220;in_container&#8220; full_screen_row_position=&#8220;middle&#8220; scene_position=&#8220;center&#8220; text_color=&#8220;dark&#8220; text_align=&#8220;left&#8220; overlay_strength=&#8220;0.3&#8243; shape_divider_position=&#8220;bottom&#8220;][vc_column column_padding=&#8220;no-extra-padding&#8220; column_padding_position=&#8220;all&#8220; background_color_opacity=&#8220;1&#8243; background_hover_color_opacity=&#8220;1&#8243; column_shadow=&#8220;none&#8220; column_border_radius=&#8220;none&#8220; width=&#8220;1\/2&#8243; tablet_text_alignment=&#8220;default&#8220; phone_text_alignment=&#8220;default&#8220; column_border_width=&#8220;none&#8220; column_border_style=&#8220;solid&#8220;][vc_column_text]Die Methode der fiktiven Ausgrabungen bezieht sich auf Siegmund Freuds Analogie von Psychoanalyse und Stadtarch\u00e4ologie, die Freud zufolge beide jeweils anhand der Untersuchung auf den ersten Blick unscheinbar erscheinender Spuren versuchen, \u00fcberlagerte oder verdr\u00e4ngte Schichten freizulegen: im Unterbewusstseins eines Individuums, einer Gesellschaft oder bez\u00fcglich der Bautappen und Geschichte(n) einer Stadt.<\/p>\n<p>So wie sich Walter Benjamin in seinem Passagenwerk auf diese Analogie bezogen hat, so hat auch der Architekt und Architekturtheoretiker Peter Eisenman nach seiner streng strukturalistischen Fr\u00fchphase ab 1978 \u201eExcavations\u201c als st\u00e4dtebauliche Entwurfsmethode erprobt: er suchte nach realen und fiktiven Bauprojekte aus der Geschichte des konkreten Standortes, \u00fcberlagerte deren Grundrisslinien und extrudierte sie ins dreidimensionale \u2013 sowohl in die H\u00f6he als auch in die Tiefe (in das Erdreich), um aus dem Spannungsverh\u00e4ltnis der enstehenden Zwischenr\u00e4umen dieser \u00dcberlagerungen (den \u201eVoids&#8220;) neue Raumformationen zu schaffen.<\/p>\n<p>Auch wir verstehen unsere \u201eAusgrabungsst\u00e4tte&#8220; zum Einen als Markierung unserer voranschreitenden Erinnerungsarbeit an fr\u00fchere Bauformationen und die mitunter folgenschweren Nutzungen des Bahnhofs in totalit\u00e4ren Zeiten: die m\u00e4chtigen Geb\u00e4uden und tempor\u00e4ren Einbauten existieren schon lange nicht mehr, sind weitgehend in Vergessenheit geraten oder aus der Erinnerung verdr\u00e4ngt worden. Zum anderen verstehen wir unsere &#8222;Excavations&#8220; aber auch als Vorschlag, diese gemeinsame Erinnerungen zu erhalten und als materielle Manifestationen in die zuk\u00fcnftige Freiraum-Gestaltung des an dieser Stelle geplanten neuen Stadtteils einzuschreiben.[\/vc_column_text][\/vc_column][vc_column column_padding=&#8220;no-extra-padding&#8220; column_padding_position=&#8220;all&#8220; background_color_opacity=&#8220;1&#8243; background_hover_color_opacity=&#8220;1&#8243; column_shadow=&#8220;none&#8220; column_border_radius=&#8220;none&#8220; width=&#8220;1\/2&#8243; tablet_text_alignment=&#8220;default&#8220; phone_text_alignment=&#8220;default&#8220; column_border_width=&#8220;none&#8220; column_border_style=&#8220;solid&#8220;][vc_column_text]The method of fictitious excavations refers to Siegmund Freud&#8217;s analogy of psychoanalysis and urban archaeology, both of which, according to Freud, attempt to uncover superimposed or repressed layers by examining traces that appear inconspicuous at first glance: in the subconscious of an individual, a society, or with regard to the materialised building stages and history(s) of a city.<\/p>\n<p>Just as Walter Benjamin referred to this analogy in his famous Passagenwerk about the City of Paris, the architect and architectural theorist Peter Eisenman also proposed such &#8222;excavations&#8220; as an urban design method after his strictly structuralist early phase: Beginning in 1978 in a projct for Venice, he started to search for previous real and fictitious building projects for the very same site, then superimposed the ground plan lines of these projects and extruded them both in height and in depth (into the soil) &#8211; in order to create new spatial formations from the tense relationship of the resulting interstices of these superimpositions (the &#8222;voids&#8220;).<\/p>\n<p>We, too, understand our &#8222;excavation site&#8220; on the one hand as a marker of our advancing work of remembrance of earlier building formations and the sometimes momentous uses of the station in totalitarian times: of mighty buildings and temporary installations that have long since ceased to exist, have largely been forgotten or have been suppressed from memory. On the other hand, we also understand our &#8222;excavations&#8220; as a proposal to preserve these triggers of commemoration and to inscribe them as material manifestations in the future landscape-design of the new urban development planned for this site.[\/vc_column_text][\/vc_column][\/vc_row][vc_row type=&#8220;in_container&#8220; full_screen_row_position=&#8220;middle&#8220; scene_position=&#8220;center&#8220; text_color=&#8220;dark&#8220; text_align=&#8220;left&#8220; overlay_strength=&#8220;0.3&#8243; shape_divider_position=&#8220;bottom&#8220;][vc_column column_padding=&#8220;no-extra-padding&#8220; column_padding_position=&#8220;all&#8220; background_color_opacity=&#8220;1&#8243; background_hover_color_opacity=&#8220;1&#8243; column_shadow=&#8220;none&#8220; column_border_radius=&#8220;none&#8220; width=&#8220;1\/1&#8243; tablet_text_alignment=&#8220;default&#8220; phone_text_alignment=&#8220;default&#8220; column_border_width=&#8220;none&#8220; column_border_style=&#8220;solid&#8220;]<div class=\"img-with-aniamtion-wrap center\" data-max-width=\"100%\" data-border-radius=\"none\"><div class=\"inner\"><img loading=\"lazy\" decoding=\"async\" data-shadow=\"none\" data-shadow-direction=\"middle\" class=\"img-with-animation \" data-delay=\"0\" height=\"1067\" width=\"1600\" data-animation=\"fade-in\" src=\"https:\/\/tracingspaces.net\/excavations\/wp-content\/uploads\/sites\/15\/2021\/10\/Excavations_2_Thaler.jpg\" srcset=\"https:\/\/tracingspaces.net\/excavations\/wp-content\/uploads\/sites\/15\/2021\/10\/Excavations_2_Thaler.jpg 1600w, https:\/\/tracingspaces.net\/excavations\/wp-content\/uploads\/sites\/15\/2021\/10\/Excavations_2_Thaler-300x200.jpg 300w, https:\/\/tracingspaces.net\/excavations\/wp-content\/uploads\/sites\/15\/2021\/10\/Excavations_2_Thaler-1024x683.jpg 1024w, https:\/\/tracingspaces.net\/excavations\/wp-content\/uploads\/sites\/15\/2021\/10\/Excavations_2_Thaler-768x512.jpg 768w, https:\/\/tracingspaces.net\/excavations\/wp-content\/uploads\/sites\/15\/2021\/10\/Excavations_2_Thaler-1536x1024.jpg 1536w, https:\/\/tracingspaces.net\/excavations\/wp-content\/uploads\/sites\/15\/2021\/10\/Excavations_2_Thaler-900x600.jpg 900w\" sizes=\"auto, 100vw\" alt=\"\" \/><\/div><\/div><div class=\"divider-wrap\"><div style=\"height: 20px;\" class=\"divider\"><\/div><\/div>[vc_column_text]\n<h6 style=\"text-align: center;\">1:1 Nachzeichnung der Umrisse des\u00a0 Bahnhofsgeb\u00e4udes mit einer zitathaften Rekonstruktion der Einbauten f\u00fcr die Ausstellung &#8222;Der ewige Jude&#8220; (1938) am Ort des historischen Ereignisses, Installation von Michael Hieslmair &amp; Michael Zinganel (Tracing Spaces) \u00a9 Foto: Wolfgang Thaler 2021<\/h6>\n[\/vc_column_text]<div class=\"divider-wrap\"><div style=\"height: 30px;\" class=\"divider\"><\/div><\/div>[\/vc_column][\/vc_row][vc_row type=&#8220;in_container&#8220; full_screen_row_position=&#8220;middle&#8220; scene_position=&#8220;center&#8220; text_color=&#8220;dark&#8220; text_align=&#8220;left&#8220; overlay_strength=&#8220;0.3&#8243; shape_divider_position=&#8220;bottom&#8220;][vc_column column_padding=&#8220;no-extra-padding&#8220; column_padding_position=&#8220;all&#8220; background_color_opacity=&#8220;1&#8243; background_hover_color_opacity=&#8220;1&#8243; column_shadow=&#8220;none&#8220; column_border_radius=&#8220;none&#8220; width=&#8220;1\/1&#8243; tablet_text_alignment=&#8220;default&#8220; phone_text_alignment=&#8220;default&#8220; column_border_width=&#8220;none&#8220; column_border_style=&#8220;solid&#8220;][vc_column_text]\n<p style=\"text-align: center;\">Literatur \/ Quellen:<\/p>\n<div style=\"text-align: center;\">Bedard, Jean-Francois et al. (Eds.): &#8222;Cities of Artificial Excavation: The Work of Peter Eisenman, 1978-1988&#8220;. New York: Rizzoli International, 1994.<\/div>\n[\/vc_column_text][\/vc_column][\/vc_row]\n","protected":false},"excerpt":{"rendered":"<p>[vc_row type=&#8220;in_container&#8220; full_screen_row_position=&#8220;middle&#8220; scene_position=&#8220;center&#8220; text_color=&#8220;dark&#8220; text_align=&#8220;left&#8220; overlay_strength=&#8220;0.3&#8243; shape_divider_position=&#8220;bottom&#8220;][vc_column column_padding=&#8220;no-extra-padding&#8220; column_padding_position=&#8220;all&#8220; background_color_opacity=&#8220;1&#8243; background_hover_color_opacity=&#8220;1&#8243; column_shadow=&#8220;none&#8220; column_border_radius=&#8220;none&#8220; width=&#8220;1\/1&#8243; tablet_text_alignment=&#8220;default&#8220; phone_text_alignment=&#8220;default&#8220; column_border_width=&#8220;none&#8220; column_border_style=&#8220;solid&#8220;][vc_column_text] Baustelleneinrichtung k\u00fcnstlerischer &#8218;Ausgrabungsarbeiten&#8216; am Wiener Nordwestbahnhof Construction site set-up of the&#8230;<\/p>\n","protected":false},"author":2,"featured_media":0,"parent":0,"menu_order":0,"comment_status":"closed","ping_status":"closed","template":"","meta":{"footnotes":""},"class_list":["post-16","page","type-page","status-publish"],"_links":{"self":[{"href":"https:\/\/tracingspaces.net\/excavations\/wp-json\/wp\/v2\/pages\/16","targetHints":{"allow":["GET"]}}],"collection":[{"href":"https:\/\/tracingspaces.net\/excavations\/wp-json\/wp\/v2\/pages"}],"about":[{"href":"https:\/\/tracingspaces.net\/excavations\/wp-json\/wp\/v2\/types\/page"}],"author":[{"embeddable":true,"href":"https:\/\/tracingspaces.net\/excavations\/wp-json\/wp\/v2\/users\/2"}],"replies":[{"embeddable":true,"href":"https:\/\/tracingspaces.net\/excavations\/wp-json\/wp\/v2\/comments?post=16"}],"version-history":[{"count":42,"href":"https:\/\/tracingspaces.net\/excavations\/wp-json\/wp\/v2\/pages\/16\/revisions"}],"predecessor-version":[{"id":191,"href":"https:\/\/tracingspaces.net\/excavations\/wp-json\/wp\/v2\/pages\/16\/revisions\/191"}],"wp:attachment":[{"href":"https:\/\/tracingspaces.net\/excavations\/wp-json\/wp\/v2\/media?parent=16"}],"curies":[{"name":"wp","href":"https:\/\/api.w.org\/{rel}","templated":true}]}}